ulate the highest common factor of 30 and 375.
15
Calculate the highest common divisor of 776 and 32.
8
Calculate the greatest common divisor of 156 and 36.
12
Calculate the highest common factor of 65669 and 97.
97
What is the highest common factor of 308 and 550?
22
Calculate the greatest common factor of 24 and 51.
3
Calculate the greatest common divisor of 572 and 5564.
52
What is the greatest common divisor of 6629 and 35?
7
Calculate the greatest common factor of 777 and 35.
7
What is the greatest common factor of 40 and 88?
8
Calculate the greatest common factor of 56 and 84.
28
Calculate the greatest common factor of 35 and 1160.
5
What is the greatest common divisor of 8058 and 68?
34
What is the greatest common factor of 714 and 51?
51
What is the highest common divisor of 319 and 77?
11
What is the highest common divisor of 182 and 2338?
14
Calculate the highest common divisor of 1631 and 699.
233
Calculate the greatest common divisor of 6 and 48.
6
What is the highest common divisor of 42 and 12?
6
Calculate the highest common factor of 165 and 1245.
15
What is the highest common divisor of 132 and 3542?
22
Calculate the greatest common factor of 22 and 1166.
22
What is the highest common factor of 434 and 14?
14
Calculate the highest common factor of 60 and 10380.
60
Calculate the highest common factor of 147 and 5243.
49
What is the highest common factor of 6930 and 54?
18
What is the highest common divisor of 1170 and 1845?
45
Calculate the highest common divisor of 76 and 36.
4
What is the greatest common factor of 39 and 51779?
13
What is the highest common divisor of 64 and 1088?
64
What is the highest common divisor of 1920 and 75?
15
What is the highest common factor of 62 and 899?
31
What is the highest common divisor of 21 and 1974?
21
Calculate the highest common divisor of 285 and 380.
95
Calculate the highest common factor of 5 and 30565.
5
What is the highest common factor of 8 and 24?
8
Calculate the greatest common divisor of 354 and 23718.
354
Calculate the highest common factor of 15826 and 410.
82
What is the greatest common factor of 63 and 45?
9
Calculate the greatest common divisor of 286 and 3102.
22
Calculate the highest common factor of 45 and 27765.
45
Calculate the greatest common factor of 4 and 1324.
4
Calculate the greatest common divisor of 37 and 888.
37
Calculate the greatest common divisor of 80 and 144.
16
What is the greatest common factor of 460 and 46?
46
What is the greatest common divisor of 1872 and 144?
144
What is the highest common divisor of 104 and 156?
52
Calculate the greatest common divisor of 20576 and 32.
32
What is the highest common factor of 8643 and 43?
43
What is the greatest common factor of 39 and 3939?
39
Calculate the greatest common divisor of 2 and 60.
2
Calculate the highest common factor of 30 and 570.
30
Calculate the greatest common factor of 55 and 2519.
11
What is the highest common divisor of 39951 and 193?
193
What is the greatest common factor of 2 and 62?
2
Calculate the highest common divisor of 5409 and 9.
9
What is the greatest common factor of 190 and 30?
10
Calculate the greatest common factor of 272 and 64.
16
Calculate the greatest common divisor of 79464 and 24.
24
What is the greatest common factor of 15 and 14205?
15
Calculate the greatest common divisor of 67 and 1005.
67
Calculate the highest common divisor of 60 and 24.
12
What is the greatest common factor of 399 and 57?
57
Calculate the greatest common factor of 448 and 7.
7
Calculate the highest common divisor of 378 and 9.
9
What is the greatest common factor of 176 and 297?
11
Calculate the greatest common factor of 4 and 208.
4
Calculate the greatest common factor of 4705 and 10.
5
Calculate the greatest common factor of 6425 and 125.
25
Calculate the greatest common factor of 16 and 688.
16
Calculate the highest common factor of 10225 and 25.
25
What is the highest common factor of 28 and 1134?
14
What is the greatest common divisor of 2883 and 31?
31
What is the highest common divisor of 5 and 125?
5
Calculate the greatest common factor of 6685 and 70.
35
What is the highest common divisor of 348 and 24?
12
Calculate the highest common divisor of 228 and 12.
12
Calculate the highest common factor of 8463 and 1365.
273
Calculate the greatest common factor of 8 and 188.
4
Calculate the greatest common divisor of 109 and 5123.
109
What is the greatest common divisor of 44 and 108?
4
Calculate the greatest common factor of 1419 and 66.
33
What is the greatest common divisor of 4810 and 1170?
130
What is the greatest common factor of 923 and 71?
71
What is the highest common factor of 336 and 52584?
168
What is the greatest common divisor of 290 and 986?
58
What is the highest common divisor of 95 and 437?
19
What is the greatest common factor of 4984 and 890?
178
What is the highest common factor of 8 and 488?
8
What is the highest common factor of 16 and 168?
8
Calculate the greatest common divisor of 32 and 3928.
8
Calculate the highest common divisor of 859 and 1.
1
Calculate the greatest common divisor of 5726 and 322.
14
Calculate the highest common divisor of 34 and 425.
17
What is the greatest common factor of 950 and 75?
25
What is the greatest common factor of 18544 and 76?
76
Calculate the highest common divisor of 95037 and 401.
401
Calculate the greatest common divisor of 1079 and 598.
13
What is the greatest common divisor of 11 and 165?
11
What is the highest common divisor of 2 and 29?
1
What is the greatest common divisor of 140 and 385?
35
What is the highest common divisor of 540 and 1944?
108
Calculate the highest common divisor of 26 and 3250.
26
What is the greatest common divisor of 112 and 6?
2
Calculate the highest common divisor of 1133 and 473.
11
Calculate the highest common divisor of 115 and 9315.
115
Calculate the highest common divisor of 7 and 3.
1
What is the greatest common factor of 152 and 40?
8
What is the greatest common factor of 92 and 138?
46
What is the highest common divisor of 4 and 2588?
4
Calculate the greatest common divisor of 16 and 4232.
8
Calculate the highest common divisor of 80 and 15.
5
Calculate the highest common factor of 30 and 10.
10
What is the highest common factor of 15576 and 264?
264
Calculate the greatest common divisor of 72 and 90.
18
Calculate the highest common divisor of 2821 and 273.
91
Calculate the highest common divisor of 2112 and 594.
66
Calculate the highest common factor of 12 and 300.
12
Calculate the highest common factor of 338 and 78.
26
What is the highest common divisor of 130 and 20?
10
What is the highest common factor of 16 and 1104?
16
What is the greatest common factor of 20 and 15?
5
Calculate the highest common divisor of 3875 and 62.
31
Calculate the greatest common divisor of 1096 and 120.
8
What is the greatest common factor of 190 and 10?
10
What is the highest common factor of 101 and 2323?
101
Calculate the greatest common divisor of 44 and 22.
22
What is the highest common divisor of 1848 and 12?
12
Calculate the greatest common factor of 195 and 15.
15
What is the highest common divisor of 5960 and 20?
20
What is the highest common divisor of 24 and 177?
3
What is the greatest common divisor of 2958 and 102?
102
Calculate the greatest common factor of 6364 and 592.
148
What is the greatest common factor of 19 and 19?
19
Calculate the greatest common factor of 3615 and 30.
15
What is the greatest common factor of 33 and 66?
33
Calculate the greatest common factor of 322 and 207.
23
Calculate the greatest common factor of 148 and 37.
37
Calculate the greatest common divisor of 26 and 16627.
13
What is the greatest common factor of 15 and 24?
3
What is the greatest common divisor of 80 and 48?
16
Calculate the highest common divisor of 42 and 1050.
42
What is the highest common divisor of 8 and 1396?
4
What is the highest common divisor of 12339 and 54?
27
What is the greatest common divisor of 89 and 2?
1
Calculate the greatest common factor of 1118 and 774.
86
Calculate the greatest common divisor of 5712 and 252.
84
What is the highest common divisor of 150 and 550?
50
What is the highest common factor of 20 and 310?
10
Calculate the greatest common factor of 217 and 7.
7
Calculate the highe